 b(-15). Let j(q) = -7*q**u + q**3 + q**2 + 2 + 3*q + 2*q**2. Determine j(3).
2
Suppose -x = 3*x, -5*g + 10 = 55*x - 56*x. Let k(j) = j**2 + 3*j - 2. Give k(g).
8
Let p(u) = 3*u**2 - 55*u - 41. Suppose -547*x + 532 = -519*x. Give p(x).
-3
Let b(u) = 3*u + 433 - 6*u - 459 + 4*u. Let z = -325 + 325. Calculate b(z).
-26
Suppose 4*o + 13 = v - 10, 5*v = -3*o. Let b(r) be the first derivative of r**4/4 - 2*r**3/3 - 3*r**2/2 - 2*r - 57. Determine b(v).
-2
Let p(d) be the first derivative of 0*d**2 + d - 2/3*d**3 - 15/4*d**4 - 237. Give p(-1).
14
Suppose -u = 5*h - 102 + 50, u - 2 = 0. Let o(v) = 8*v + 19. Give o(h).
99
Let n(f) = -3*f**3 + 19*f**2 - 19*f + 90. Let k be n(6). Let x(j) = 2*j**3 - 25*j**2 + 12*j - 14. What is x(k)?
-14
Let v(u) = u**2 + 2*u + 4. Suppose -196 = -33*y + 68. Determine v(y).
84
Let w(v) = -v - 42. Let x = 11636 - 11673. What is w(x)?
-5
Let p(c) = 23*c + 20 + 13*c**2 - 11 + 260*c**3 - 259*c**3. Calculate p(-11).
-2
Let m(h) be the third derivative of -h**4/24 + 3*h**3/2 + 2*h**2. Let z = -601 + 617. Suppose 9*w - 4*w = 10, 2*s = -3*w + z. Calculate m(s).
4
Suppose 5*p + 31 = 161. Suppose 0 = 20*m + 6*m + p. Let i(g) = g + 8 + 4*g + 0*g - 7. Determine i(m).
-4
Let n(t) = t**2 - t - 2. Let h(k) = -7*k - 7. Let r(z) = -3*z - 3. Let o = -104 + 102. Let q(m) = o*h(m) + 5*r(m). Let v(c) = 3*n(c) - 5*q(c). What is v(-3)?
20
Let x(d) be the second derivative of d**5/20 - 5*d**4/12 + 9*d**3/2 - 89*d**2/2 + 556*d. Give x(4).
3
Let f(h) = -h**3 - 2*h**2 + h - 1. Let n be f(-3). Let t(a) be the first derivative of -a**2/2 + 4*a - 1257. Determine t(n).
-1
Let m(t) = -t**2 - 4*t + 7. Let a(n) = n**2 + 6*n - 37. Let d(j) = j + 1. Let p(u) = a(u) + 5*d(u). Suppose -4*b = -b + 39. Let c be p(b). Determine m(c).
-5
Let j(g) = 3*g - 1. Let z = -51 - -24. Let p = z - -33. Suppose p*q = 4 + 2. Determine j(q).
2
Let q(d) be the second derivative of -29*d**3/6 + 3*d**2/2 + 2548*d. Calculate q(-1).
32
Let i be (-2)/4 + 3/6. Let z(p) = -2 + 2 + p + i - 5. What is z(5)?
0
Let g(b) = 0*b + 6 + 2*b - 4*b. Let n be 2/((11 - 7) + -2). Let l be n + (19 + -3)/4. Calculate g(l).
-4
Let p(l) = -l**3 - 9*l**2 - 9*l - 18. Suppose 3*k = x - 11 - 17, -8 = -2*x. Determine p(k).
-10
Let q(a) = a**3 + 21*a**2 - 28*a - 38. Let h be q(-22). Suppose -h*v - 55 = -99*v. Let w(j) = j - 6. Calculate w(v).
5
Let c = 55 + -51. Let n(d) = c*d**2 + 5 - 12*d**2 + 3*d**2 + 4*d - 1 + 10*d**2. What is n(-3)?
37
Suppose 3*i + 2*i - 10 = 0. Let l(u) = -3*u - 5*u - 3*u - 4 + 2*u - u**i. Suppose -13*z = -9*z - 4*v + 32, -5*z = -v + 40. What is l(z)?
4
Suppose 161*a = 162*a - 17. Suppose 199 = a*t + 131. Let j(p) = p - 1. Calculate j(t).
3
Let c(m) = m**2 + 66 - 83 + 4*m - 10*m + 14*m. What is c(-7)?
-24
Let h(q) be the first derivative of 130 - q - 2*q**3 + 3/2*q**2 + 1/4*q**4. Let r = 3 + -1. Determine h(r).
-11
Let l be 3 - ((-4 + 6 - 5) + 8). Let t be 3/9*(1 - 1). Let q(m) = -2*m**2 + 2*m**3 - 2*m - 3 + t + 4 - 3*m**3. Determine q(l).
5
Let v(o) be the first derivative of -7*o**2/2 + 57*o + 1204. Calculate v(8).
1
Let v(z) = -5*z**3 + 5*z**2 + 5*z - 12. Let m(c) = -5*c**2 - 610 + c + 621 - 5*c + 4*c**3. Let s(y) = 6*m(y) + 5*v(y). Give s(-5).
1
Let j(y) = 2*y**3 + 3*y**2 + y + 8. Let m be j(0). Suppose -t = t - m. Let i(a) = a**2 - 5*a + 9. What is i(t)?
5
Let o(x) = -155 + 2*x**2 + 0*x**2 + 155. Let n(r) = 3*r**2 - 9*r + 5. Let v(h) = -n(h) + 2*o(h). Determine v(-9).
-5
Let a(l) = 5*l**3 - 6*l**2 + 6*l - 3. Let h be a(2). Let w(u) = -h*u - 31*u + 57*u. Calculate w(5).
5
Let a(j) = -180*j - 24. Let g(b) = 11*b - 1. Let n(f) = a(f) + 15*g(f). Calculate n(-2).
-9
Let i(h) = 5 - 2*h**2 + 26*h + 14*h - 39*h + 4*h**2 - 3*h**2. Determine i(5).
-15
Let u = 1471 + -1471. Let w(c) be the third derivative of 1/6*c**4 + 19*c**2 + u - 1/10*c**5 + 0*c - 1/3*c**3. Determine w(2).
-18
Let h(v) = v**3 + 59*v**2 + 224*v + 217. Let j be h(-55). Let s(a) = 5*a**2 + 3*a - 4. What is s(j)?
32
Let k(r) = -3*r - 6 + 4*r + 5*r. Suppose -62*h = -65*h + 2*b + 4, 3*h - 24 = -3*b. What is k(h)?
18
Let t(z) = z**3 + 7*z**2 - 11*z - 11. Let f = 319 + -220. Suppose -f*p - 33 = -102*p. Suppose -p*d = 2 + 86. Give t(d).
13
Let r be ((-1)/(-3))/((-4)/(-84)). Let o(a) be the second derivative of -1/6*a**3 - 1/20*a**5 - 3*a + 7/12*a**4 - 7/2*a**2 - 15. Calculate o(r).
-14
Let o(a) = a**2 + 23*a + 97. Let h = -21209 - -21193. What is o(h)?
-15
Let f(p) = -p**3 - p**2 - 3. Let n be (-28 - -30)*(2 - (1 - -2)). Determine f(n).
1
Let m(u) = -7*u**2 - 26*u - 6. Let z(k) = -8*k**2 - 27*k - 5. Let l(j) = -2*m(j) + 3*z(j). Give l(-4).
-47
Let r(a) be the first derivative of -10*a**2 - 70*a + 15197. What is r(-4)?
10
Suppose -291 = j + 3*p - 274, 4*j = -5*p - 40. Let s(g) be the third derivative of -1/6*g**4 - 1/120*g**6 - 1/6*g**3 + 0 + 0*g - 2*g**2 - 1/10*g**5. Give s(j).
-6
Let d = 4483 - 4475. Let l(a) = -a**2 + 11*a - 16. What is l(d)?
8
Let x be (-14 + 1)*(13 + 15). Let h = x + 383. Let u(i) = i**2 - 18*i - 19. Determine u(h).
0
Let p(i) = 3*i + 1. Let q(k) = -3*k - 2. Suppose u + 10*u = -77. Let m(h) = u*p(h) - 6*q(h). Suppose 4*j = -5*v - 1, -23 - 14 = -2*j + 5*v. Determine m(j).
-13
Let t(v) = -v**3 - 5*v**2 + v + 5. Let q = 31 - 23. Let z(h) = 9 + 8 + 3 - 1 + q*h. Let d be z(-3). Calculate t(d).
0
Suppose 2*c = 2 + 4. Let d(h) = -h - 2. Let p(s) = s + 3. Let j(z) = -2*d(z) - p(z). Determine j(c).
4
Let l(x) = 10*x - 1001*x**3 - 12*x**2 + 18 - x**2 + 1002*x**3. What is l(12)?
-6
Let v(t) = 41*t**2 - 41*t - 5. Let q(x) = 33*x**2 - 33*x - 5. Let m(o) = 5*q(o) - 4*v(o). Suppose 8 = 4*a + 32. What is m(a)?
37
Let s(o) = o - 16. Let b be s(-5). Let p = b + 26. Suppose 3*c + 8 = -p*i, i + 20 = -0*i + 4*c. Let n(h) = -h**2 + h + 1. Give n(i).
-19
Let p(t) be the third derivative of 1/3*t**3 - t**2 + 0*t + 0 + 1/24*t**4. Let z be (-1)/(4/(35 + -7)). Determine p(z).
-5
Let c(a) be the first derivative of a**4/4 + 2*a**3/3 - 7*a**2/2 - 7*a - 86. What is c(-6)?
-109
Suppose -4*q - 5*d + 1 = 0, 4 - 1 = -d. Let z(u) = 3 - 16*u + 3 - 6 + 19*u + 4 - 16*u**2 + 15*u**2. Calculate z(q).
0
Let n(a) = 848 + a - 848. Let g(k) = 2*k - 12. Let i(v) = g(v) - n(v). Give i(6).
-6
Let g(p) = p**2 - 13*p - 1. Let m = -26 + 14. Suppose -4 = 2*l - 0. Let d be (-30)/(m/(-4) + -5) + l. Calculate g(d).
-1
Let p(m) = m**2 - 12*m + 36. Let f = 5979 + -5973. Determine p(f).
0
Let b(j) = 2*j**3 - 2*j**2 - 9*j + 2. Let g be ((-8)/(-32))/(5/(-2)*(-4)/(-120)). Calculate b(g).
-43
Let i(d) = -d**3 - 14*d**2 - 12*d + 3. Suppose -h = 3, -3*n + 27*h = 32*h + 54. Calculate i(n).
-10
Let m = 6187 - 6196. Let p(j) = -27*j - 236. Calculate p(m).
7
Let a(n) = -132*n - 6. Let d(m) = 75*m + 4. Let f(c) = -4*a(c) - 7*d(c). What is f(-3)?
-13
Let a(v) = v**2 + 4*v. Let o be 1896/40 - 3/(-5). Suppose -28 = -5*g - o. Give a(g).
0
Let s(w) = w**3 - 3*w**2 - 5*w - 1. Let u be s(4). Let y(l) be the first derivative of -l**2 + 3*l - 1653. Give y(u).
13
Let y(x) = 9*x**2 + 480*x + 148. Let n be y(-53). Let g(s) = s**2 + 6*s - 55. What is g(n)?
0
Let t(i) = 5*i + 57. Let z be t(-9). Let m(c) = 7*c**3 - 4*c**2 + 3*c**2 - 13 - c**2 + 26 - z. What is m(1)?
6
Let i(t) = -t**2 + 5*t + 44. Let b be i(9). Suppose 0 = 14*h - 15*h + b. Let k(s) = 16*s**2 - 15*s**2 + 4*s - 6*s + 10 - 7*s. What is k(h)?
2
Let d(x) = x**2 + 6*x - 19. Suppose 4*m - 69 = 5*q, -38*m = 5*q - 41*m + 63. Calculate d(q).
8
Suppose -5*q - 2*x + 3 = 0, -3*x + 8 = -x. Suppose 12*d - 168 = 4*d. Let v be (-3)/(9/d)*(q + 0). Let t(s) = s - 1. Give t(v).
6
Let b(d) = -1469*d**2 + 0*d**3 - 4 + d + 7*d + d**3 + 1476*d**2. Determine b(-5).
6
Let z be (-2)/(16 + -6) - 252/(-10). Suppose 2*d = -z + 23. Let x(n) = -5*n**2 - n - 1. What is x(d)?
-5
Let w(z) = z**3 - 8*z**2 + z - 3. Let s(b) = 8*b**2 - 14. Let y(n) = -s(n) - w(n). Let a(c) = c - 3. Let u be a(3). Calculate y(u).
17
Suppose -19 = -4*t + 7*d - 8*d, t = -4*d - 14. Let j(f) = -t + 144*f - 285*f + 142*f. What is j(8)?
2
Let n(w) be the second derivative of -4 - 7/6*w**3 - 3/2*w**2 + 12*w - 1/20*w**5 - 2/3*w**4. Calculate n(-7).
-3
Let j = -153 + 81. Let z = -52 - j. Suppose 0 = s + 4*q + z, 0 = -2*s + 2*q - 4*q - 10. Let g(c) = c - 2. Give g(s).
-2
Let s(i) = -2*i**3 - 4*i**2 + 7. Suppose 0 = -35*v + 49 - 29 - 160. Determine s(v).
71
Suppose 5*q = 13 + 27. L